ctor of 45 and x?
9
Let f(c) = -8 + 3*c**2 - 4*c**2 + 7 + 6 + 12*c. Let p be f(11). What is the greatest common factor of 128 and p?
16
Let p(s) = -s**3 + 5*s**2 + 5*s. Let i be p(6). Let h(y) = -19*y - 9. Let o be h(i). What is the greatest common divisor of 21 and o?
21
Suppose -5*a + 5 = -j, -j - 4*a + 0*a = -13. Suppose 2*q - 4*c = 3*q, q + 5*c = -j. Calculate the highest common divisor of 5 and q.
5
Suppose c = -5*d + 4*c + 65, -3*d = 3*c - 63. Suppose 5*r - 41 = w, 5*w + 37 = -11*r + 15*r. Calculate the greatest common factor of d and r.
8
Let a = 353 + -198. Calculate the highest common divisor of 31 and a.
31
Suppose 0 = 5*n - 7 - 8. Let d be (-6)/((-14)/4 + 2). Suppose -10 = -z - d. What is the highest common divisor of z and n?
3
Suppose -2*t + 5 = -1. Calculate the greatest common factor of 5 and t.
1
Let a(s) = 18 - 5 - 5*s - 4. Let x be a(-7). Calculate the greatest common factor of x and 4.
4
Suppose -22 = -3*u + n, 3*u - 6 = -n - 2*n. Let m be u/5*35/2. Calculate the greatest common factor of m and 14.
7
Suppose n = 34 + 6. Suppose 0 = 5*g - 37 + 12. Suppose g*p + 5 = 0, 68 = 6*x - 2*x - 4*p. Calculate the greatest common divisor of n and x.
8
Suppose p = 5*n - 10, n - 20 = 6*n + 5*p. Let z be 56 - n - (-8 - -8). What is the highest common factor of 11 and z?
11
Let n be (1/2)/((-10)/(-20)). What is the highest common factor of n and 5?
1
Let o be (-15)/(-10)*20/6. Let y = o + 11. Calculate the highest common factor of y and 64.
16
Let f(w) = -4*w + 1. Let q be f(-6). Let a be (5 + 0)/10*20. Calculate the highest common factor of a and q.
5
Suppose w + 0*a = 3*a + 14, -4*a = 4*w - 24. What is the highest common divisor of w and 8?
8
Let a be (-2)/3 - 55/(-15). Suppose -3*j = 5*l - 102, 48 + 13 = a*l + 2*j. What is the highest common factor of l and 21?
21
Suppose -2*d = 3*d. Suppose -u + 44 - 14 = d. Calculate the greatest common divisor of 10 and u.
10
Let y be 1 - (-5 - -4 - 141). What is the greatest common divisor of y and 13?
13
Let f(a) be the third derivative of a**5/60 + a**4/24 - 7*a**3/6 + 8*a**2. Let y be f(-4). Calculate the greatest common divisor of 5 and y.
5
Let q be (6/3 + -29)*-1. Suppose 5*i - 9 = 5*a + 31, -20 = a + 3*i. Let x(z) = z + 14. Let m be x(a). Calculate the greatest common divisor of q and m.
3
Let l(a) be the first derivative of -a**4/4 + 4*a**3/3 + 4*a**2 - 5*a + 4. Let k be l(5). Let j = -1 - -6. What is the greatest common factor of j and k?
5
Let y be 39/52 + (-6)/8. Suppose 3*i = -5*a + 8, y*i - 3*a - 18 = -2*i. Calculate the highest common factor of i and 6.
6
Let n(m) = m**3 - 18*m**2 + 21*m - 5. Let x be n(17). Suppose -5*j = -0*j - 135. Suppose -q = 2*q - j. Calculate the highest common factor of q and x.
9
Let c be ((-50)/8)/((-3)/12). Let y be 1652/6 - 2/6. What is the greatest common factor of c and y?
25
Let l(h) = -14*h. Let c be l(-6). Calculate the greatest common divisor of c and 28.
28
Suppose 3*g - 7 = 41. Calculate the highest common divisor of g and 32.
16
Suppose 15*q - 12*q - 63 = 0. Suppose -5*s - 37 = -142. Calculate the greatest common divisor of q and s.
21
Let k(u) = -u**3 - 7*u**2 + 8. Let h be k(-7). Calculate the highest common divisor of 1 and h.
1
Suppose 4*o = 2*m + 5*o - 19, -48 = -5*m - 3*o. Suppose -5*k + m + 6 = 0. What is the greatest common divisor of k and 15?
3
Let l(b) = -5*b - 171. Let y be l(-35). Suppose -5*f + 88 = -3*f. Calculate the greatest common divisor of f and y.
4
Let u(g) = -3*g + 2. Let n be u(4). Let s = 25 + n. Suppose -146 = -2*x - 0*x - 4*p, -5*x + 373 = 2*p. What is the highest common factor of s and x?
15
Suppose n = -f - 0*n + 31, 3*f + 2*n = 91. What is the greatest common factor of f and 203?
29
Suppose 270 = h + 4*h. Calculate the greatest common factor of 81 and h.
27
Let r(u) = 14*u**2 + 4*u + 2. Let c = -9 - -7. Let t be r(c). Calculate the greatest common divisor of t and 10.
10
Suppose -4*h - 4*k = 8 + 4, 4*h - 5*k = -3. Let y = 4 + h. Suppose 0*i = -y*i + 52. Calculate the highest common factor of i and 39.
13
Let l(d) = -2*d**2 + 26*d - 15. Let h be l(10). What is the greatest common divisor of h and 5?
5
Let n(a) = 2*a**2 + 1. Let h be n(-2). Suppose 194 = -2*t - 42. Let z = t + 199. What is the highest common divisor of z and h?
9
Let b(r) = 5 - 1 + 9*r**2 - 4*r**2 + 3*r. Suppose -3 = l + 1. Let c be b(l). Calculate the highest common factor of 12 and c.
12
Suppose q = 142 - 13. Let s = q + -81. What is the greatest common divisor of s and 12?
12
Let s = 1964 + -876. Let t be 4/26 + s/26. What is the highest common divisor of 63 and t?
21
Suppose -2*l - 14 = -2. Let o be 138/5*(-40)/l. Let g be o/6 + 6/(-9). Calculate the highest common factor of g and 20.
10
Suppose -i + 5*i = 96. What is the greatest common factor of i and 192?
24
Let s = 14 - 9. Suppose 0 = -s*o + 17 + 28. What is the greatest common factor of o and 36?
9
Suppose 3*t - 9 - 12 = 0. Let p = -42 - -70. What is the highest common divisor of t and p?
7
Let y = -44 + 50. Calculate the highest common factor of y and 18.
6
Let w(s) = 2*s + 4. Let g be w(-3). Let h(k) = -k**2 + 4*k. Let a be h(3). Let r be 33/a + 1 + g. What is the highest common factor of r and 4?
2
Let m(h) = 57*h - 1. Let k be m(2). Suppose -3*w + 130 + k = 0. Let x(u) = u**2 + u - 3. Let o be x(3). Calculate the highest common divisor of o and w.
9
Suppose p + m = 3*m + 14, 4*p + m = 47. Let x = p - 2. What is the greatest common divisor of x and 90?
10
Let u = 160 + -27. Suppose 0 = -4*g + 4*s + u - 37, 2*g - 30 = -4*s. What is the highest common factor of g and 189?
21
Let k be (0 - -4) + -1 - -14. What is the greatest common divisor of k and 119?
17
Let r = -44 - -80. What is the highest common divisor of 24 and r?
12
Let i be 45/(-20)*(-32)/3. Suppose 0 = r - 14 + 2. What is the highest common factor of r and i?
12
Let i(l) = -l**3 - 5*l**2 + 5*l - 5. Let k be i(-5). Let c = 74 + k. What is the greatest common factor of c and 11?
11
Let f be -5 - (-9)/(45/40). Calculate the highest common divisor of 2 and f.
1
Let q be (-4)/14 - 6/(-21). Suppose 3*t - 2*t - 3 = q. Suppose 3*d - 17 = 2*l, t*d - 4*l = -2*d + 25. Calculate the highest common factor of 6 and d.
3
Suppose -4*t + 15 = 5*v, t = -3*t - 20. What is the greatest common factor of v and 21?
7
Let t(h) = h**3 + 15*h**2 + 14*h + 1. Let u be t(-14). Let z be u/2*(1 + 21). Calculate the greatest common divisor of 121 and z.
11
Let z be 6 - (2/(-1) + 2). Let k be (-2 + (z - 0))*2. Let h(r) = -r**3 + 4*r**2 + 3*r - 4. Let c be h(4). What is the highest common factor of c and k?
8
Suppose 88 - 268 = -2*k. Let u(c) = -2*c + 18. Let y be u(0). Calculate the greatest common factor of k and y.
18
Let m be -5 - (-1 - -1 - 2). Let g be (-241)/m - (-3)/(-9). Calculate the greatest common factor of 10 and g.
10
Suppose -27 = 2*c - 5*c. Suppose -u + 14 = -3*r - c, 5*r + 57 = 3*u. Calculate the greatest common factor of 126 and u.
14
Let p be 7/1 + -2 + 3/1. What is the highest common divisor of 56 and p?
8
Let m be (4 - (-9)/(-2))/((-1)/204). Calculate the highest common factor of 68 and m.
34
Let g(k) be the first derivative of k**3/3 - 3*k**2/2 + 3*k - 2. Let y be g(3). What is the greatest common divisor of y and 33?
3
Suppose -5*p + 4*i = -47, 0*i = 5*i - 10. Calculate the highest common factor of p and 44.
11
Let v(d) = d + 5. Let t(f) = -f + 1. Let p be t(-4). Let j be v(p). Suppose -x - 6*l + 50 = -l, 2*l + 64 = x. What is the greatest common divisor of j and x?
10
Suppose 2*r + 2*j = 5*r - 78, -4*r + 2*j + 104 = 0. Calculate the greatest common factor of 234 and r.
26
Suppose 5*k - 73 = -2*y, 4*k = -y + 37 + 4. Let a be (2 - y)*-3 + -1. Calculate the greatest common factor of a and 10.
10
Suppose 1 = -4*c + 25. Let k be 7*1/(14/(-12)). Let p be (-20 - 1)*k/7. Calculate the greatest common factor of c and p.
6
Suppose -w + 31 = 3. Calculate the highest common factor of 14 and w.
14
Let q = 0 - -88. Let s be 31/4 - (-9)/36. What is the greatest common divisor of s and q?
8
Suppose -3*b = 3 + 42. Let l be 13/(-2) + 2/4. Let u be l/b - 116/(-10). Calculate the highest common factor of 12 and u.
12
Let j(w) = 2*w - 11. Let s be j(8). Suppose s*p = -47 + 2. Let f = 19 + p. Calculate the greatest common factor of 70 and f.
10
Let b(s) = -4*s 